ulate (-4 + -3 + 6 - -5) + -2.
2
What is the value of 6 + (-8 - -6) - (4 - 1)?
1
Evaluate 10 + -6 + -8 - (-4 - 6).
6
Calculate -8 - (5 + (-8 - 0)).
-5
What is 8 + 0 - (21 - (17 - -1))?
5
Calculate (9 - 0) + (-33 - -23).
-1
What is (9 - 6 - 1) + -4?
-2
2 + 1 + -6 + 6 - -1
4
(-3 - -8) + -4 - (-1 - 1)
3
Calculate (5 - -8) + -4 + -3.
6
Calculate -73 + 81 - (5 + (-1 - -1)).
3
10 + (-10 - (-5 + 1))
4
What is -2 - (-2 + -1) - (-12 + 15)?
-2
Evaluate -4 + (3 - -2) + 1.
2
What is 2 - (2 + 1) - 2?
-3
Evaluate 0 + (-3 - (2 - 9)).
4
Calculate 21 - (23 + -10 + -1).
9
What is the value of (-2 - 0) + 6 + -7 - -4?
1
What is the value of 4 - (2 + (-7 - -7))?
2
Calculate 9 + -15 + 3 - (0 + -8).
5
What is the value of 8 + -11 + -12 + 4?
-11
What is the value of (4 - -7 - 4) + -15?
-8
What is (1 - 0) + -3 - (6 - 6)?
-2
What is the value of (-2 + -1 + 1 - -1) + 6?
5
What is the value of (-2 - 0) + -1 + -3 + 4?
-2
What is 1 + -6 + (-14 - (-34 - -21))?
-6
Evaluate (-15 - -1) + (-18 - -31).
-1
What is 4 + -5 + (1 - -3) + -1?
2
Calculate 1 + (6 - (8 - 4)).
3
Calculate 7 + -1 + (-4 - 7).
-5
-122 + 141 + (-9 - (-1 + 0))
11
What is the value of 3 + (0 + 2 - 7)?
-2
Calculate -6 + (10 - -2) - (-5 + 11).
0
What is (2 - (4 - (1 + 1))) + -6?
-6
Calculate -3 + 3 + 3 + 4 + -2.
5
Evaluate -7 - ((1 - 6) + 4).
-6
What is 7 + -1 + 4 + -11 - 8?
-9
What is (9 - 16) + 11 - 3?
1
Evaluate -4 + (-1 + 1 - (0 - 0)).
-4
What is -3 - -1 - 4 - -4?
-2
Calculate (1 - -5) + -4 + 3.
5
Evaluate (-105 - -110) + -8 + (-1 - -1).
-3
7 - (13 + 3 + -4)
-5
What is 3 + (1 - 2) - -3?
5
1 + (2 - 1) - -1
3
What is the value of 12 - (-5 - -12 - 12 - -11)?
6
What is (-3 - 1 - 0) + 6 + 2?
4
Evaluate (-5 + 1 + 6 - 3) + 6.
5
Evaluate 7 + (-4 - (-6 + 6)).
3
Calculate -6 + -9 - -4 - -7.
-4
Calculate (-11 - -7) + -1 + 0.
-5
What is 7 + -1 + -4 - 4?
-2
What is the value of 0 - ((-3 - (-2 + 2)) + 7)?
-4
What is (20 - 14) + 2 + -1?
7
What is the value of (26 - 20) + (-11 - -2)?
-3
What is the value of 3 - (1 - 2) - 2?
2
Evaluate 1 + 2 - (2 - 3) - -1.
5
What is the value of -7 - -3 - -8 - -5?
9
-2 - (9 + -12 - -3)
-2
Calculate -6 + 2 - (10 - 9).
-5
What is the value of (-6 - -7) + 0 + -4?
-3
Evaluate 8 + (-17 - (-7 - -1)).
-3
What is (0 + -3 - -1) + 36 + -39?
-5
What is the value of (8 - 7) + -6 + -1?
-6
-10 + (9 - (-1 - -5))
-5
-2 - (3 + (-6 - -5))
-4
What is the value of (8 - (-4 - -6)) + (-2 - 3)?
1
Calculate (12 - 1) + (-70 - -64).
5
What is 8 + (3 - 4) + (-1 - 2)?
4
What is the value of 1 - ((-4 - (1 + -3)) + 7)?
-4
What is -9 + 1 + -69 + 71?
-6
Evaluate -2 + 1 - (18 - 16) - -7.
4
Calculate (-14 - -6) + (-3 - -7).
-4
What is -1 - (-2 + 3 + (3 - 2))?
-3
Evaluate -1 + -4 + -3 + 2 + 3.
-3
Calculate 2 + 5 - (16 - 3).
-6
What is the value of -6 - -12 - (16 + -5)?
-5
Evaluate 1 + (3 - (4 - (3 + -3))).
0
What is 3 - (8 + (-4 - 0) + 0)?
-1
What is the value of 6 + (-3 - (0 + -1 - 1))?
5
(49 - 45) + 0 + -2
2
Evaluate (-6 - (0 - 5)) + 6.
5
What is -11 + (7 - 8) + 4?
-8
Evaluate (4 - ((-7 - -8) + 2)) + -3.
-2
What is the value of -2 + 1 + -9 + 6 - -1?
-3
Calculate -3 - 0 - (15 + -17) - 3.
-4
Evaluate (3 - (-5 + 11)) + -2 + 5.
0
What is the value of 10 - -3 - 4 - 4 - 4?
1
-8 + 8 + (6 - 1) - 1
4
-67 - -72 - (5 - (-1 + -1))
-2
What is -8 + 5 + 2 + -2 + -3?
-6
(5 - (-2 + 2 - -3)) + -2
0
Evaluate 10 + (6 - (-7 + 16)).
7
Evaluate -1 + (4 - (-2 - (2 - 4))).
3
Calculate 2 - (0 + (2 + 1 - 1)).
0
What is the value of 6 + 5 + 3 + -10?
4
What is (109 - 116) + (-1 - 0 - -5)?
-3
Evaluate 2 + 10 + -5 + -3.
4
(-6 - -6 - -2) + -1 + 8
9
Evaluate (-2 - -3) + -1 - -5.
5
Evaluate 0 + (3 - (-1 + 4)) + -1.
-1
What is the value of -5 - (0 + 0 + (1 - 1))?
-5
What is -2 - ((5 - 5) + 5 + -9)?
2
13 + -12 - (2 + (-2 - -2))
-1
Calculate -1 + (2 - -5) + -2.
4
6 - (0 - 3 - 2 - -13)
-2
3 + -3 - (-6 + 1)
5
What is (14 - 42) + 5 + 13?
-10
What is the value of (5 - (2 + 9)) + 6?
0
Calculate (4 - (13 - 7)) + -3 + 1.
-4
Evaluate 4 - (-4 + 9 - -4).
-5
Evaluate -3 - ((-7 - 3) + -3).
10
Calculate 3 - 7 - (-1 + 0) - -7.
4
What is the value of -5 + 10 + 0 + 1 + -2?
4
Evaluate (-11 + 2 - (0 + 1)) + 6.
-4
What is the value of -1 + 4 + 0 + (2 - 4)?
1
Calculate 1 + (0 - (2 - (1 + -2))).
-2
-8 + -7 + 0 + 8
-7
5 - (1 + (-4 - (-1 + -1)))
6
What is the value of -1 + (-5 + 3 - -8)?
5
Calculate -4 - -7 - 6 - 1 - 4.
-8
4 + -1 + -4 + -2
-3
1 + 3 + 11 + -13
2
-142 - -144 - (6 + 0)
-4
Calculate (1 - -1) + (1 - (7 + -3)).
-1
What is the value of (-5 - -6) + (-5 - -1)?
-3
What is the value of 70 + -78 + 0 + 14?
6
What is 4 + (-2 + -2 - -1)?
1
Calculate 7 - (5 + -9) - 18.
-7
2 + 6 + -3 + 0 + -4
1
What is the value of (2 - 2) + -2 + 6?
4
2 + 11 + 70 + -91
-8
Evaluate 9 + -12 - (-4 + 3 + -1).
-1
Calculate (-2 - -4) + (2 - 9).
-5
(0 - 1 - -1) + (-5 - -3)
-2
What is the value of (-1 - (-2 + 0)) + (5 - 1)?
5
Evaluate (-1 - (-7 + 6)) + 4.
4
What is -5 + (-4 - -9) - -3?
3
What is the value of 24 + -25 - (-1 - -8)?
-8
Calculate 4 - 1 - -1 - (11 - 4).
-3
Calculate 2 - (-2 + 3 - 1).
2
0 - -6 - 7 - 0
-1
-13 + 15 + (-8 - -6)
0
-7 + (6 - (-2 + -2 - -9))
-6
Calculate 0 + (-6 - (0 + -5) - 3).
-4
4 - 4 - (11 + -7 - -1)
-5
Calculate (-4 - ((1 - -1) + -5)) + 0.
-1
Evaluate 4 + (-1 - -4 - 7) + 4.
4
What is the value of (28 - 25) + 3 + 2 + -3?
5
What is the value of -1 + ((2 - -7) + -8 - 5)?
-5
What is the value of -7 + 11 + -15 - (-1 + -2)?
-8
Evaluate (-1 - (-2 + 3 + -7)) + -4.
1
What is 15 + 13 + -11 + -12?
5
What is the value of 3 + (-3 - (0 - 1)) - -2?
3
Calculate 2 + -8 + 6 - -4.
4
2 + -4 + -10 - -12
0
Calculate -5 + 6 + 0 - 0.
1
What is the value of 1 + -3 + -1 - (-41 - -40)?
-2
What is the value of -14 - (0 + -14) - (1 - 2)?
1
(1 - 6) + 12 + -14
-7
-1 - 2 - (15 + -1 + -9)
-8
Evaluate -1 + 1 + 19 + (-5 - 6).
8
Evaluate (3 - 4) + (2 - 4).
-3
Calculate (0 - (-3 + 0)) + (0 - 3).
0
Calculate -5 + -7 + -8 + 9.
-11
Evaluate -1 + 1 - (7 + (-1 - 7)).
1
Calculate -6 + 1 + -2 + (-3 - 0).
-10
Evaluate -4 + -4 + 3 + 0 - -2.
-3
(-1 - -5) + (-16 - (-17 - -8))
-3
Calculate 0 - (2 + 7) - -5.
-4
What is the value of 13 - 16 - (-2 + -4)?
3
Calculate -8 - ((6 - 9) + -2).
-3
What is -8 - (10 + -8 + -6 - -4)?
-8
What is (0 - -15) + -4 + -5?
6
What is the value of 1 - 1 - (9 - 5)?
-4
What is the value of -7 - ((3 + -7 - -2) + -2)?
-3
Calculate 4 - (1 + -3 - -3).
3
What is the value of 15 - ((1 - 0) + 10)?
4
What is the value of 3 + -2 + (5 - 9)?
-3
Evaluate -3 + 7 + -4 - 3.
-3
1 + 5 - 7 - -3
2
What is the value of (-1 - -2 - -1) + (1 - -2)?
5
What is (8 - 17) + 13 + 0?
4
Calculate -5 - (-3 - -3) - -1.
-4
What is the value of 1 + -9 + 8 + 4?
4
What is the value of 3 + (-3 - 0) - 2 - -4?
2
9 + (-6 + 7 - (2 - -3))
5
What is the value of -2 + 5 - (1 + -5 + 2)?
5
What is the value of -6 + 5 + (0 - (0 - -6))?
-7
Calculate 0 + (-9 - -8 - -3).
2
Calculate -8 + (-19 - -10) + 10.
-7
Evaluate 0 - (-2 - (-1 + 0)) - 5.
-4
Calculate (-3 - 4 - -7) + 3 + 5.
8
Evaluate -5 - (-26 + 13 + 9).
-1
(3 - -3) + 3 + -7
2
Calculate 2 + 0 + (2 - 4) + -2.
-2
Evaluate 2 + (0 - (8 + -3 + -3)).
0
What is 9 - (-1 + (13 - 6) + 1)?
2
What is the value of 9 + -14 + (1 - (1 + -2))?
-3
(0 - -1) + 25 + -20 + -5
1
(11 + -15 - (-8 - 1)) + -2
3
-24 + 27 - (0 - 0) - 1
2
-7 + (3 - 2) - 0
-6
Evaluate 62 - 60 - (0 - -1).
1
-4 + 12 + (-6 - -9) + -4
7
Calculate 0 + 1 + 1 - (59 + -58).
1
Calculate (-8 - -5) + 1 + -1 - -1.
-2
Evaluate (-2 - (-2 + 5 + -8)) + -3.
0
(6 - (-12 + 17)) + -4
-3
Evaluate (11 - 20) + 11 + (-6 - -1).
-3
Calculate -2 + 4 + -1 + 4 - 4.
1
-2 - -3 - (-102 - -98)
5
Calculate (-1 - -2) + 3 + -10.
-6
Calculate (-2 - 0) + (-3 - -1) + 0.
-4
Calculate 5 - (-5 + 10 - -5).
-5
What is the value of 123 - 121 - (1 - -9)?
-8
What is 1 - 4 - ((2 - 5) + 2)?
-2
-1 - -1 - (5 + -8)
3
What is -10 + (35 - 35 - (-3 - -1))?
-8
What is the value of 0 - (-1 - 1 - (-41 + 42))?
3
What is (-3 - (3 + -4 + 1)) + 4?
1
0 - ((0 - 3) + (17 - 14))
0
Calculate 2 + 1 + 1 + (9 - 11).
2
Evaluate -6 + 3 + -8 + 19.
8
Evaluate -3 + 9 + -5 + (-1 - 0).
0
What is -2 - ((-4 - 1) + -5 + 6)?
2
What is 3 + (1 + 5 + -2 - 3)?
4
(7 + 3 - 6) + 0
4
Evaluate -6 + -10 + -1 + 19.
2
Evaluate (-6 + 1 - -3 - 3) + 2.
-3
What is (6 - 2) + (4 + -4 - 3)?
1
Evaluate 2 + (-5 + 2 - 0).
-1
What is -2 + 14 - (-30 - -34)?
8
Calculate (14 - 2 - 4) + -1 + 2.
9
What is the value of 5 - (2 + (3 - 3 - 5))?
8
What i